{"id":32,"date":"2022-05-04T00:59:19","date_gmt":"2022-05-04T00:59:19","guid":{"rendered":"https:\/\/www.chiarasas.com\/prenotazioni\/lidoreef\/?page_id=32"},"modified":"2022-05-06T19:30:15","modified_gmt":"2022-05-06T17:30:15","slug":"privacy-policy","status":"publish","type":"page","link":"https:\/\/www.chiarasas.com\/prenotazioni\/lidoreef\/privacy-policy\/","title":{"rendered":"Privacy Policy"},"content":{"rendered":"\n<h1 class=\"has-text-align-center wp-block-heading\">Privacy Policy<\/h1>\n\n\n\n<div style=\"height:50px\" aria-hidden=\"true\" class=\"wp-block-spacer\"><\/div>\n\n\n<p>Le presenti Norme sulla privacy (\u201cNorme\u201d) disciplinano l\u2019accesso o l\u2019uso da parte sua, una persona fisica, da qualsiasi parte d\u2019Italia, di applicazioni, siti web, contenuti, prodotti e servizi messi a disposizione da Chiara s.a.s. (\u201cQuickRest\u201d).<\/p>\n<p>Quando utilizzi i servizi di QuickRest, ci affidi le tue informazioni. Le Norme sulla privacy ti consentono di capire meglio quali dati raccogliamo, perch\u00e9 li raccogliamo e come li utilizziamo. Sono informazioni molto importanti e ci auguriamo che le leggerai con attenzione. Ricorda che puoi trovare impostazioni per gestire le tue informazioni e proteggere la tua privacy e sicurezza, nella pagina Account personale.<\/p>\n<p><em>Ultima modifica: 30\u00a0Ottobre\u00a02019<\/em><\/p>\n<h5>Dati raccolti<\/h5>\n<p>Raccogliamo dati per offrire servizi migliori a tutti i nostri utenti, ad esempio per capire elementi fondamentali come la lingua parlata dall\u2019utente<\/p>\n<p>Raccogliamo informazioni nei seguenti modi:<\/p>\n<ul>\n<li><strong>Dati forniti dall\u2019utente.<\/strong><\/li>\n<\/ul>\n<p>Durante la creazione dell\u2019account e la compilazione del modulo di iscrizione soci, raccogliamo e associamo al suo account i dati che ci fornisci quando esegui la registrazione; questi dati sono nome, cognome, telefono e indirizzo email.<\/p>\n<ul>\n<li><strong>Dati sulla posizione, forniti al momento dell\u2019ordine<\/strong><\/li>\n<\/ul>\n<p>Quando un utente utilizza servizi QuickRest raccogliamo altri dati necessari al complemento dell\u2019ordine, questi dato sono, ad esempio, il suo numero di telefono, inserito manualmente dall\u2019utente, l\u2019indirizzo fisico e informazioni sulla sua posizione. Utilizziamo varie tecnologie per stabilire la posizione, inclusi indirizzo IP, GPS e altri sensori che potrebbero, ad esempio, fornire a QuickRest informazioni sui dispositivi, sui punti di accesso Wi-Fi e sui ripetitori di segnale dei cellulari nelle vicinanze.<br \/>Infine raccogliamo dati sulla tipologia di pagamento, solo e esclusivamente il tipo di pagamento usato, ad esempio, PayPal , Carta di Credito, tutti gli altri dati necessari al completamente di una eventuale transazione, ad esempio, utente, password, numero di carta di credito, non vengono forniti a QuickRest, ma direttamente al gestore del pagamento, ad esempio, PayPal, Circuito delle Carte di Credito, pertanto non sono in nessun modo o conoscenza, ne tanto meno conservati da QuickRest.<\/p>\n<p><em>Informazioni sui dispositivi<\/em>. Ci riserviamo inoltre di raccogliere dati provenienti da e riguardanti i dispositivi che utilizzi per accedere ai Servizi. Sono inclusi dati quali l\u2019indirizzo IP. I tuoi dispositivi (a seconda delle loro impostazioni) potranno trasmettere ai Servizi anche dati sulla posizione. Ad esempio, utilizziamo le informazioni sui dispositivo per rilevare abusi e identificare e risolvere i bug.<\/p>\n<p><em>Cookie e altre tecnologie<\/em>. Utilizziamo tecnologie quali cookie e tag pixel per fornire, migliorare, proteggere e promuovere i nostri Servizi. Ad esempio, i cookie ci aiutano per operazioni quali ricordare il tuo nome utente per la visita successiva, capire il modo in cui interagisci con i nostri Servizi e migliorarli sulla base di tali dati. Puoi impostare il tuo browser in modo che non accetti i cookie, ma ci\u00f2 potr\u00e0 limitare la possibilit\u00e0 di utilizzare i nostri Servizi.<\/p>\n<p><em>Ordine pubblico e interesse pubblico<\/em>. Ci riserviamo il diritto di divulgare i tuoi dati a terze parti nel caso in cui stabilissimo che tale divulgazione \u00e8 ragionevolmente necessaria per: (a) rispettare qualunque legge, regolamento, procedura legale o appropriata richiesta ufficiale; (b) salvaguardare qualsiasi persona da morte o gravi lesioni fisiche; (c) prevenire frodi o abusi a danno di QuickRest o dei suoi utenti; (d) proteggere i diritti, la propriet\u00e0, la sicurezza o l\u2019interesse di QuickRest; o (e) eseguire un compito di interesse pubblico.<\/p>\n<p><em>Conservazione<\/em>. Quando ti registri per aprire un nostro account, conserveremo i dati che archivi nei nostri Servizi finch\u00e9 l\u2019account esiste o finch\u00e9 ne abbiamo bisogno per fornirti i Servizi.<\/p>\n<h5>Dove<\/h5>\n<p>In tutto il mondo. Per fornirti i Servizi, ci riserviamo il diritto di archiviare, trattare e trasmettere dati negli Stati Uniti e in localit\u00e0 in tutto il mondo, anche al di fuori del tuo Paese. I dati potrebbero anche essere archiviati in locale sui dispositivi che utilizzi per accedere ai Servizi.<\/p>\n<h5>Modalit\u00e0\u00a0di utilizzo dei dati raccolti<\/h5>\n<p>Utilizziamo le informazioni raccolte da tutti i nostri servizi per gestire i servizi di QuickRest.<br \/>Quando gli utenti utilizzano\u00a0QuickRest\u00a0si tiene traccia di tali comunicazioni per risolvere eventuali problemi che potrebbero sorgere. Potremmo utilizzare l\u2019indirizzo\u00a0email\u00a0dell\u2019utente per fornire informazioni sui nostri servizi, ad esempio per comunicare prossimi cambiamenti o miglioramenti.<\/p>\n<h5>Trasparenza e libert\u00e0 di scelta<\/h5>\n<p>Le persone hanno diversi approcci alla propria privacy. Il nostro obiettivo \u00e8 essere\u00a0chiari riguardo\u00a0ai dati che raccogliamo in modo da consentire agli utenti di prendere decisioni informate sulla modalit\u00e0 di utilizzo di tali dati.<\/p>\n<h5>Informazioni condivise da noi<\/h5>\n<p>Non forniamo informazioni personali a societ\u00e0, organizzazioni e persone che non fanno parte di dell\u2019organizzazione\u00a0QuickRest<\/p>\n<h5>Sicurezza delle informazioni<\/h5>\n<p>Ci adoperiamo per proteggere\u00a0QuickRest\u00a0e i suoi utenti da accessi non autorizzati alle informazioni in nostro possesso e dall\u2019alterazione, dalla divulgazione e dalla distruzione non\u00a0autorizzate\u00a0di tali informazioni.<\/p>\n<h5>Quando si applicano le presenti Norme sulla\u00a0privacy<\/h5>\n<p>Le nostre norme sulla privacy si applicano a tutti i servizi offerti da\u00a0QuickRest, mentre ne rimangono esclusi i servizi per i quali si applicano altre norme sulla\u00a0privacy\u00a0non incluse nelle presenti norme.<\/p>\n<h5>Conformit\u00e0 e collaborazione con le autorit\u00e0 di\u00a0regolamentazione<\/h5>\n<p>Verifichiamo regolarmente il nostro rispetto delle nostre Norme sulla privacy. Rispettiamo, inoltre, diversi accordi di autoregolamentazione\u00a0\u00a0Ove ricevessimo reclami scritti formali, contatteremo le persone che li hanno presentati. Collaboriamo con le autorit\u00e0 competenti, tra cui le autorit\u00e0 locali deputate alla tutela dei dati, per dirimere eventuali reclami\u00a0relativi al\u00a0trasferimento di dati personali che non vengano risolti direttamente con i nostri utenti.<\/p>\n<h5>Modifiche<\/h5>\n<p>Le nostre Norme sulla privacy potrebbero essere soggette a modifiche di tanto in tanto. Ci impegniamo a non ridurre i diritti degli utenti previsti dalle presenti Norme sulla privacy senza il loro esplicito consenso. Pubblicheremo eventuali modifiche alle presenti Norme sulla privacy in questa pagina e, qualora le modifiche fossero rilevanti, provvederemo a segnalarle con una notifica pi\u00f9 visibile (per alcuni servizi invieremo un\u2019email di notifica delle modifiche apportate alle norme sulla privacy). Le versioni precedenti delle Norme sulla privacy saranno archiviate per consentirne la consultazione.<\/p>\n<p>In caso di riorganizzazione, fusione, acquisizione o vendita dei nostri beni, i tuoi dati potrebbero essere trasferiti nell\u2019ambito dell\u2019accordo. Verrai avvisato (ad esempio tramite un messaggio all\u2019indirizzo email associato con il tuo account) di eventuali accordi e verrai informato delle scelte a tua disposizione.<\/p>\n<p>Ci riserviamo il diritto di aggiornare periodicamente le presenti Norme sulla privacy. La versione pi\u00f9 recente verr\u00e0 pubblicata sul nostro sito web. Nel caso in cui una revisione possa ridurre in modo sostanziale i diritti dell\u2019utente, invieremo un avviso pertinente.<\/p>\n<h5>Informazioni di Contatto<\/h5>\n<p>Hai domande o dubbi su QuickRest, i nostri Servizi e la privacy? Contatta il nostro responsabile della tutela dei dati all\u2019indirizzo\u00a0<a href=\"mailto:infoquickrest@chiarasas.it\">infoquickrest@chiarasas.it<\/a>. Se non \u00e8 in grado di rispondere alla tua domanda, hai il diritto di contattare l\u2019autorit\u00e0 locale di supervisione per la protezione dei dati.<\/p>\n<h5>Garantiamo protezione e sicurezza alle tue informazioni personali lasciando a te il controllo.<\/h5>","protected":false},"excerpt":{"rendered":"<p>Privacy Policy Le presenti Norme sulla privacy (\u201cNorme\u201d) disciplinano l\u2019accesso o l\u2019uso da parte sua, una persona fisica, da qualsiasi parte d\u2019Italia, di applicazioni, siti web, contenuti, prodotti e servizi messi a disposizione da Chiara s.a.s. (\u201cQuickRest\u201d). Quando utilizzi i servizi di QuickRest, ci affidi le tue informazioni. Le Norme sulla privacy ti consentono di [&hellip;]<\/p>\n","protected":false},"author":2,"featured_media":0,"parent":0,"menu_order":0,"comment_status":"closed","ping_status":"closed","template":"","meta":{"footnotes":""},"featured_image_urls":{"full":"","thumbnail":"","medium":"","medium_large":"","large":"","1536x1536":"","2048x2048":"","post-thumbnail":"","twentytwenty-fullscreen":""},"post_excerpt_stackable":"<p>Privacy Policy Le presenti Norme sulla privacy (\u201cNorme\u201d) disciplinano l\u2019accesso o l\u2019uso da parte sua, una persona fisica, da qualsiasi parte d\u2019Italia, di applicazioni, siti web, contenuti, prodotti e servizi messi a disposizione da Chiara s.a.s. (\u201cQuickRest\u201d). Quando utilizzi i servizi di QuickRest, ci affidi le tue informazioni. Le Norme sulla privacy ti consentono di capire meglio quali dati raccogliamo, perch\u00e9 li raccogliamo e come li utilizziamo. Sono informazioni molto importanti e ci auguriamo che le leggerai con attenzione. Ricorda che puoi trovare impostazioni per gestire le tue informazioni e proteggere la tua privacy e sicurezza, nella pagina Account personale.&hellip;<\/p>\n","category_list":"","author_info":{"name":"ChiarAsAs_admin","url":"https:\/\/www.chiarasas.com\/prenotazioni\/lidoreef\/author\/chiarasas_admin\/"},"comments_num":"0 commenti","_links":{"self":[{"href":"https:\/\/www.chiarasas.com\/prenotazioni\/lidoreef\/wp-json\/wp\/v2\/pages\/32"}],"collection":[{"href":"https:\/\/www.chiarasas.com\/prenotazioni\/lidoreef\/wp-json\/wp\/v2\/pages"}],"about":[{"href":"https:\/\/www.chiarasas.com\/prenotazioni\/lidoreef\/wp-json\/wp\/v2\/types\/page"}],"author":[{"embeddable":true,"href":"https:\/\/www.chiarasas.com\/prenotazioni\/lidoreef\/wp-json\/wp\/v2\/users\/2"}],"replies":[{"embeddable":true,"href":"https:\/\/www.chiarasas.com\/prenotazioni\/lidoreef\/wp-json\/wp\/v2\/comments?post=32"}],"version-history":[{"count":11,"href":"https:\/\/www.chiarasas.com\/prenotazioni\/lidoreef\/wp-json\/wp\/v2\/pages\/32\/revisions"}],"predecessor-version":[{"id":147,"href":"https:\/\/www.chiarasas.com\/prenotazioni\/lidoreef\/wp-json\/wp\/v2\/pages\/32\/revisions\/147"}],"wp:attachment":[{"href":"https:\/\/www.chiarasas.com\/prenotazioni\/lidoreef\/wp-json\/wp\/v2\/media?parent=32"}],"curies":[{"name":"wp","href":"https:\/\/api.w.org\/{rel}","templated":true}]}}